ghest common divisor of r and n.
3
Suppose 3*h - 194824 = -25*h. Calculate the highest common divisor of 98 and h.
98
Suppose 6*l - 31914 - 44209 + 27943 = 0. Calculate the highest common factor of l and 55.
55
Suppose -39*v - 32*v + 55309 = 0. What is the greatest common divisor of 266 and v?
19
Let y(x) = 1849*x**2 - 50*x + 5. Let p be y(-1). Calculate the greatest common divisor of 51 and p.
17
Let b = -1309 - -1337. Suppose -c + 12 = o, -16*o = -13*o + c - b. Let k(a) = 15*a**2 + 2*a. Let p be k(-2). Calculate the greatest common divisor of p and o.
8
Let h be (-10)/25 + (-52)/(-5). Suppose -16*j + 18 = -h*j. Suppose j*c + 193 = 265. What is the greatest common factor of c and 60?
12
Suppose -2*r - 2*r - 203 = 3*o, -3*r + 46 = -o. Let j = o + 62. Let w be 7/(-21) - (j + 184/(-3)). Calculate the highest common factor of 30 and w.
30
Let j = 11269 + -5758. What is the highest common divisor of 334 and j?
167
Let a = -280 + 525. Let j = 173 + -75. Suppose -9*c + 7*c + j = 0. What is the greatest common divisor of a and c?
49
Let w = 16 + 5. Suppose -w*d = -20*d - 6. Suppose -d = p - 15. Calculate the greatest common divisor of 6 and p.
3
Let w be ((-6958)/(-21))/((-6)/(-9)). Suppose w + 225 = 19*b. What is the highest common factor of b and 608?
38
Let v(l) = 549*l + 262. Let c be v(13). Calculate the greatest common divisor of c and 151.
151
Let g(o) = 12*o**3 - 72*o**2 + 432*o - 17. Let m be g(6). What is the highest common factor of m and 200?
25
Suppose 3*c = p + p + 12, 3*c - 4*p = 12. Suppose 5*r - 298 - 333 = 3*o, 0 = -c*r - 3*o + 521. What is the highest common divisor of 192 and r?
64
Let u(n) = n**2 + 15*n - 65. Let w be u(5). Calculate the highest common divisor of 45 and w.
5
Suppose 3*a + 26 = 4*a. Let r be a - 23 - (-1 + 2). What is the highest common divisor of 16 and r?
2
Let s = -2632 - -3969. Calculate the greatest common divisor of s and 191.
191
Let i(r) = -792*r**3 - r**2 + 1. Let v be i(-1). Calculate the highest common divisor of 11352 and v.
264
Suppose 4*f = 413 + 55. Suppose -33*u + 36*u - f = 0. What is the greatest common factor of 6 and u?
3
Let y = -64 - -45. Let a = 22 + y. Suppose a*f = -3*i + 429, f = 5*i - 4*f - 685. What is the greatest common factor of i and 20?
20
Suppose 51*p = 6 + 912. Calculate the greatest common factor of p and 274.
2
Suppose -5*x = -x + 100. Suppose 1649*o = 1656*o + 231. Let p = x - o. Calculate the highest common divisor of 8 and p.
8
Suppose 3*y + 8*y = 660. Let z = 1013 - 908. What is the highest common divisor of z and y?
15
Suppose 0*a - a = 8*o - 44, -2*a - 4*o = -76. Suppose 0 = -p - p + 54. Calculate the greatest common factor of p and a.
9
Let x = 3394 + -3325. What is the greatest common factor of 42 and x?
3
Let z(r) = 605*r + 362. Let u be z(6). Calculate the greatest common divisor of u and 8.
8
Let y(f) = -702*f - 3506. Let o be y(-5). What is the highest common factor of o and 276?
4
Let b(k) = k**3 + 28*k**2 - 7*k - 172. Let a be b(-28). Let p = 25 + -46. Let x = 33 + p. What is the highest common factor of x and a?
12
Let s = -179 - -177. Let n(c) = 2*c + 26. Let y be n(s). Calculate the highest common factor of 176 and y.
22
Suppose -6*f + 241 = -67 - 124. Calculate the highest common divisor of f and 558.
18
Suppose 4*j = 6*j - 14. Let f(t) = j*t - 20*t + 10 - 2*t**2 + t**2. Let b be f(-13). What is the highest common divisor of 110 and b?
10
Suppose 0 = v + j + 63, -72 = -5*v + 2*j - 408. Let g be 1 + 54/v - 194/(-22). What is the highest common divisor of g and 387?
9
Let w(y) = -8*y + 142. Let a be w(14). Calculate the greatest common divisor of 6795 and a.
15
Let l(u) be the third derivative of 1/4*u**4 + 0 - 33*u**2 + 0*u - 11/6*u**3. Let h be l(2). Calculate the highest common divisor of h and 3.
1
Let v be 685/7 + 3*30/630. Calculate the highest common factor of v and 2198.
14
Suppose -868 - 111 = -27*i + 965. Let n(v) = -v**3 - 7*v**2 - 4*v - 1. Let m be n(-7). What is the greatest common divisor of m and i?
9
Suppose 0 = 157*x - 155*x + 9104. Let r be 3*(-4)/(-72) + x/(-48). Calculate the greatest common divisor of r and 133.
19
Let a = 337 + 322. Suppose 0 = 5*m + d - a, 3*d - 395 = -3*m + 2*d. Let b = -1407 + 1419. Calculate the highest common divisor of m and b.
12
Let s(u) = 3*u**3 + 2*u - 1. Suppose t + 26 = 5*l - t, 31 = 4*l - 5*t. Suppose l = -4*n + 8*n. Let f be s(n). What is the greatest common divisor of 6 and f?
2
Let d(n) be the first derivative of 4*n**2 + 38*n - 59. Let v be d(6). Calculate the greatest common factor of 2 and v.
2
Let l(j) be the third derivative of j**4/8 - 17*j**3/6 + 26*j**2. Let u be l(5). Let a be 9/u*342/(-27). Calculate the highest common factor of 19 and a.
19
Let x = 286 - 65. Let y = x + -173. Calculate the highest common factor of 336 and y.
48
Let o(z) = 3*z**2 - 119*z - 303. Let c be o(-3). What is the greatest common divisor of c and 48?
3
Let g = 112 - 111. Suppose g + 14 = 5*p. Suppose -2*c - 3*j = c - 303, -319 = -p*c + j. What is the greatest common divisor of c and 21?
21
Let z = 4922 - 4887. Let r be (15 - 1)/((-4)/(-10)). What is the greatest common divisor of z and r?
35
Suppose -1913*i + 1918*i = 300. Suppose -4*y + 13 + 35 = 0. What is the greatest common divisor of y and i?
12
Suppose -2*a - 3*a = 5*y - 175, 0 = -y - 5*a + 39. Let f = -32 + y. Let c(j) = 6*j**3 - 2*j + 1. Let b be c(f). Calculate the highest common factor of b and 18.
9
Suppose 15*w - 4176 = 1599. What is the greatest common divisor of 495 and w?
55
Suppose -63 = -i + 2*d, 3*i + 4*d = -0*i + 159. Suppose -2*o - 3*v + 389 = 0, 5*o + 24*v = 26*v + 944. What is the greatest common factor of i and o?
19
Let g = -287 - -308. Suppose 0 = g*b - 14*b - 616. Suppose 0 = -n + 5*q + 21, -q + 4 = -5*n + 61. Calculate the greatest common factor of n and b.
11
Suppose -3*d + 376 = p - 5*d, -2*p - d + 732 = 0. What is the highest common divisor of 80 and p?
16
Let k = -3706 - -3709. Let n(f) = f**3 + 4*f**2 + 3. Let v be n(-3). What is the greatest common divisor of v and k?
3
Let c = 1823 + 1209. Calculate the highest common factor of 8 and c.
8
Let u = -4877 - -4917. What is the greatest common divisor of u and 1280?
40
Let x(n) = -5*n - 44. Let p be x(-9). Let u be (p/3)/(11/66). Suppose -1 = -m - u*o, 5*m = -3*o + 13 - 1. Calculate the highest common factor of m and 12.
3
Suppose 4*c = 7*u - 2*u - 19, 0 = 2*u - 2*c - 8. Let d be (u/(-9))/(1/(-18)). Suppose k = -d*k + 910. What is the highest common divisor of k and 10?
10
Let c(k) = k**2 + 5*k - 3. Let h be c(6). Let t be 9726/27 - (-10 - 736/(-72)). Let a = -318 + t. What is the highest common factor of a and h?
21
Let m(o) = -2*o**2 + 175*o**3 + 1 - 3 - 133*o**3 + 3*o. Let a be m(1). Let v = 51 - a. Calculate the highest common factor of 25 and v.
5
Suppose 0 = f + 2, -3*w + 4*f + 557 = -1200. Calculate the greatest common divisor of 11 and w.
11
Let v = -336 + 193. Let r = v - -157. Calculate the highest common factor of r and 154.
14
Let v be (213/9 - -1)*(127 + -28). Calculate the greatest common factor of 66 and v.
66
Let h(k) = k - 5. Let d be h(6). Let f = -25 - -19. Let a be (3 - 6)*14/f. Calculate the greatest common divisor of d and a.
1
Let k = 2075 + -2013. Calculate the highest common divisor of 1550 and k.
62
Let z be ((-18)/(-21))/((-12)/(-109116)) - -6. What is the greatest common factor of 234 and z?
78
Let t be 3/5 - (-902)/55. Let i be 105/9*(10 + -7). Let m = -1 + i. What is the greatest common divisor of m and t?
17
Suppose -9559 = -39*u - 2461. What is the highest common factor of u and 130?
26
Let x = -422 - -447. Suppose -x*v = -1139 - 886. Calculate the highest common divisor of 18 and v.
9
Suppose 6437 = 40*z - 3331 - 1832. Calculate the greatest common factor of 200 and z.
10
Let a = 292 + -302. Let m be a*((-45)/9 - -4). Calculate the highest common divisor of 110 and m.
10
Let f = 593 - 570. Suppose -f*c = 11*c - 9928. Calculate the highest common factor of 219 and c.
73
Suppose -6*g + c = -11*g + 58, 5*g = 5*c + 40. Suppose -g*t + 624 = 15*t. Calculate the highest common divisor of t and 60.
12
Suppose 5*r + 1 = 6*r. Let a = 9 + r. Suppose -3*o = 3*d - 84 - 27, -89 = -2*o + 3*d. What is the greatest common factor of o and a?
10
Suppose -8826*w + 9867 = -8815*